 Calculate t(y).
-1
Let o(c) = 3*c**3 - 11*c**2 - 14*c - 3. Let n(s) = 2*s**3 - 7*s**2 - 9*s - 2. Let m(x) = 8*n(x) - 5*o(x). Calculate m(-2).
-9
Let j be ((2 - 3) + 0)*-1. Let o(m) = 3 + 2*m - j + 2. Determine o(-4).
-4
Let k(y) = 2*y - 1. Let u be (-2)/6*(-8 - 1). Let v = -7 + 10. Suppose a = v*a - 2*p - 2, u*a - p - 3 = 0. Give k(a).
1
Let v = -3 + 5. Let o(g) = -3*g - v*g + 4*g. Determine o(1).
-1
Let i(k) be the third derivative of k**6/120 - k**4/24 - k**3/6 - 17*k**2. Calculate i(2).
5
Let p(n) = -n**2 + 3*n + 2. Let x(a) = a**2 - a + 1. Let b be x(2). Determine p(b).
2
Let t(u) be the second derivative of -u**6/120 - u**3/3 - 2*u**2 + 2*u. Let m(s) be the first derivative of t(s). Give m(-2).
6
Let x(k) = k**2 + 4*k - 5. Suppose -3 + 7 = a. Suppose -u + 4 = -y, -a = 3*u + 3*y - 16. Suppose -5*h = 4 + 21, 0 = 5*s - u*h. Determine x(s).
-5
Let t(u) be the second derivative of -7*u + 1/6*u**3 + 2*u**2 + 0. What is t(-5)?
-1
Let w(y) = y**3 + 2*y**2 - 2*y - 1. Let i(c) = c**3 + c**2 - c - 1. Let l(h) = -3*i(h) + 2*w(h). Give l(1).
0
Let r(s) = -4*s - 21. Let m be r(-6). Let n(y) be the third derivative of m*y**2 + 0*y + 1/6*y**3 + 1/4*y**4 + 1/30*y**5 + 0. Calculate n(-4).
9
Let o(y) = 11*y**3 + 7*y**2 - 2*y + 23. Let k(n) = 4*n**3 + 8 + 5*n**2 - n - 4*n**2 + n**2. Let p(f) = 8*k(f) - 3*o(f). Suppose 0 = 3*x + 3 + 12. Give p(x).
5
Let z(k) = -k**3 - 6*k**2 - 5*k + 2. Suppose 6*f = 3*f + 5*b + 14, -2*b + 13 = 5*f. Suppose -f*j + 4*j = 2. Suppose j*y + 10 = -0. Give z(y).
2
Suppose 0 = -5*b - 0*b. Let p(c) = 8 + b - 6*c + 13*c - c**2. Let x be p(8). Let m(q) = -q + 1. Give m(x).
1
Let r be 2/(-3) + 24/9. Let v(g) = -g + 2*g + g**r - 1 - 2*g. Let k be 4/((-12)/4 - -5). Determine v(k).
1
Let x(s) = -s**2 - s - 3. Let r be (-4)/3*(-36)/24 - 2. Calculate x(r).
-3
Let k(r) be the first derivative of -r**2/2 - 5*r - 29. What is k(-7)?
2
Suppose -2*f = -11*f + 27. Let i(m) = -4*m - 1. Calculate i(f).
-13
Suppose -i - 4 = -3. Let r(c) be the third derivative of c**7/504 + c**5/120 + c**4/8 - c**2. Let g(a) be the second derivative of r(a). Determine g(i).
6
Let v(x) be the second derivative of -x - 5/6*x**3 + 1/20*x**5 + 3/2*x**2 + 1/3*x**4 + 0. What is v(-5)?
3
Let o(r) = 10*r**2 + r + 1. Let t be (-5 - -3)*(-1)/(-2). Calculate o(t).
10
Let p(a) = a**2 + 6*a + 2. Let k be p(-6). Suppose k*x + 14 = -0*x. Let w(s) = 2*s + 9. Let v be w(x). Let q(m) = -m**2 - 3*m - 1. Give q(v).
-11
Let n(v) = 0*v - 2*v + 10*v - 2. Suppose 5*y + 2*l = 17 - 1, y = 3*l - 7. What is n(y)?
14
Let i(y) be the second derivative of 2*y**5/15 + y**4/24 - y**3/6 + 3*y**2/2 - 2*y. Let s(w) be the first derivative of i(w). Give s(1).
8
Let k = 64 - 68. Let z(m) = -5*m - 6. Give z(k).
14
Let p(t) = -2 - 5*t**2 + 6 - 3*t + 0*t - t**3. Give p(-4).
0
Suppose 3*q + 2*s - 25 = 0, -2 + 4 = -2*s. Let p(y) = y**3 - 9*y**2 - 1. Let c be p(q). Let x(f) be the first derivative of 2*f**4 + f**3/3 - f - 2. Give x(c).
-8
Let g(i) = i + 9. Suppose -4*h + 2*y - 18 = 0, 3*h + y = h - 19. Calculate g(h).
2
Suppose 0 = -v - 2*v. Let c(j) = -j - 2 + v + 1 + 0. What is c(3)?
-4
Let f(b) = -b**2 + 4*b + 1. Suppose 3*i = 5*i. Suppose i = 4*g - 3*h - 29 + 1, -5*g - h + 16 = 0. What is f(g)?
1
Let j be -6 + (-2 - (-3 + -2)). Let c(l) = -l**3 - 3*l**2 + 2*l - 4. Calculate c(j).
-10
Let k be -1 - (2 - 0) - (-20)/2. Let n(z) = -2*z + 10. What is n(k)?
-4
Suppose 4*u - 3*s = 6 + 2, -5*u - s + 10 = 0. Let k be (u - 2) + 5 - 0. Let n(m) = 4*m - 7. Let w(v) = 6*v - 10. Let i(x) = -7*n(x) + 5*w(x). Give i(k).
9
Suppose 2*g + g - 32 = 4*z, -46 = -5*g + 3*z. Suppose g = 2*h + 5*u, -u = 8*h - 3*h - 20. Let f(r) = 4 - 3 - r - 3*r**2 + h*r**2. Determine f(2).
3
Let q(x) = -2 + 0 - 3 + 7*x + 4. Let k(r) = r**2 - 4*r + 3. Let t be -1 + 3 + -1 + 1. Let a be k(t). Calculate q(a).
-8
Let w(f) be the first derivative of -1 - f + 5/4*f**4 - 1/3*f**3 + f**2. Suppose 0 - 5 = -5*d. Give w(d).
5
Let v(u) = 2*u - 1. Suppose -3*w + 9 + 3 = 0. Suppose w*r = -r. Suppose r*i - 5*i = 5. Calculate v(i).
-3
Suppose -4*z = -f - 17, -f = z + 3*z - 7. Let a(v) = -17*v**2 + 17*v + 19. Let q(h) = 12*h**2 - 12*h - 13. Let x(d) = -5*a(d) - 7*q(d). Give x(z).
2
Let f(l) be the first derivative of l**2/2 - 2. Determine f(-6).
-6
Suppose -3 = -2*f - 5, 4*f + 4 = 5*x. Suppose x = -2*d + 5 - 1. Let y(m) = 2*m - 1. Calculate y(d).
3
Let f(u) be the first derivative of u**3/3 + 5*u**2/2 + 8*u + 5. Calculate f(-6).
14
Let i = 1 + 0. Let c(p) = -12*p**2 - p + 1. Determine c(i).
-12
Let q(t) = t**2 - 7*t - 13. Let p(v) = v**2 - 6*v - 12. Let r(g) = 6*p(g) - 5*q(g). What is r(5)?
13
Let k be 9/6 - (-3)/2. Let q(d) = 1 + 4*d**2 + 3*d**3 - 3*d**3 + k*d + 2*d**3. Determine q(-2).
-5
Suppose -3*m + 8 = -5*m. Let g(k) = -k**2 - 5*k + 1. Give g(m).
5
Let g(c) = -c**3 - 4*c**2 + 4*c + 3. Let a be 1/((-10)/12 - -1). Suppose 11*h - a*h + 25 = 0. Calculate g(h).
8
Let u = 0 + 1. Let o(n) = -n**3 - 9*n**2 + n + 11. Let h be o(-9). Let y(i) = -u - 7*i + 9*i - h. Calculate y(4).
5
Let n(y) = 6*y**3 + 5*y**2 - 16*y - 11. Let b(v) = -5*v**3 - 6*v**2 + 15*v + 10. Let g(c) = -5*b(c) - 4*n(c). Determine g(-11).
-6
Suppose -5*v - 4 = -z + 6, -2*v - 17 = -3*z. Let h(s) = 3*s - 2. Let q be h(2). Let m(f) = 3 + f**3 - q - 2*f + 0. Calculate m(v).
0
Let h(z) = -2*z**2 - 3*z - 2. Suppose c - 9 = -2*c. Suppose -2*a + c*a - 4 = 0, 2*a = 3*p + 2. Let q be (-1 - p)/(6/4). Give h(q).
-4
Let n(i) = i**3 + 6*i**2 - 2. Let q = 30 - -10. Let d be (-16)/q - 28/5. Calculate n(d).
-2
Let r(q) = q**3 - q**2 - q. Let y(i) = -i**2 + 5*i - 3. Let u(z) = 2*r(z) + y(z). Calculate u(2).
7
Let o(f) = -2*f**2 - 3*f + 4. Suppose -2*b - 51 = -5*b. Suppose 0 = 2*j + 2*k - 14, -5*j - k + b = -2. Suppose 2*c - c + j = 0. Calculate o(c).
-5
Let a(o) = -4*o**2 - 7*o + 3*o**2 - 3 - 2. Let u(h) = -3*h + 14. Suppose 18 = 3*t - x, -3*t - 2*x + 13 = -5. Let q be u(t). What is a(q)?
7
Let t be (-2*(2 - 3))/2. Let h(g) = 2*g + 3*g + g - 5*g - t. Give h(3).
2
Let h(l) = 14*l - 4. Let n(z) = 14*z - 5. Let u(y) = -4*h(y) + 3*n(y). Suppose 7*d = 3*d + 4. Calculate u(d).
-13
Let a be 0/(-1) - (3 - 5). Let u(n) = 2*n - 5 + 0*n**2 + 2 + n**a + 1. Determine u(-2).
-2
Let c(f) = 3*f - 17. Let x be c(7). Let u(w) = 4*w + 12*w - w**2 + x - 14*w. Determine u(3).
1
Let a(v) be the second derivative of -7*v**3/6 - v**2/2 - 2*v. Suppose -2*g - 2 = 5*x + 1, -2*x = g + 2. Let y = x + -2. Determine a(y).
6
Let u(i) = -14*i + 14. Let a(b) = -3*b - 3. Let n be a(-3). Let y(o) = -5*o + 5. Let t(g) = n*u(g) - 17*y(g). Determine t(0).
-1
Let w(v) be the third derivative of 1/120*v**6 - 1/24*v**4 + 3*v**2 - 1/20*v**5 + 0*v + 0 - 2/3*v**3. Let j(r) = -r**2 + 7*r - 3. Let d be j(6). Determine w(d).
-7
Suppose 4 - 10 = -2*x. Let a(z) = 2*z. Let m be a(x). Let g be (-2)/4 + (-15)/m. Let v(q) = -2*q**2 - 3*q + 2. What is v(g)?
-7
Let i(b) = -7*b**2 - 2 + 2*b + b**3 + 6*b - 3*b. Let g be -2 - -3 - (-1 + -4). Give i(g).
-8
Let x(w) = -3*w**3 - 7*w**2 + 11*w + 3. Let u(b) = b**3 + 2*b**2 - 4*b - 1. Let s(m) = 8*u(m) + 3*x(m). What is s(-3)?
-20
Let q(l) = 2*l**2 + 1. Let p = -12 + 13. Determine q(p).
3
Let s(z) = -z**3 - z**2 - 2. Let p be s(-2). Let h(l) = 2*l + 2. Determine h(p).
6
Let r(v) = 5*v - 9. Let y(i) = 4*i - 9. Suppose -2*q + 4 = -q. Let k(j) = q*y(j) - 3*r(j). Calculate k(6).
-3
Let n(m) = -2*m**2 + 4*m + 1. Let y(z) = z**2 + 4*z - 2*z**2 - 1 + 0*z + 2. Let g(w) = 2*n(w) - 3*y(w). Let d be -5 + 1/2*2. Give g(d).
-1
Let z = -9 - -9. Let u(o) = 2*o + z + 2 + 3 - 4 - 2*o**2 + o**3. Let q = 6 - 4. What is u(q)?
5
Let o(n) = -n**3 - 7*n**2 - 5*n + 8. Let q be o(-6). Let l(a) = 0*a**q + 3*a**3 - 3*a**2 - 2*a**3 - 2 + 0*a**3 + 3*a. Give l(3).
7
Let b be ((-1)/(-2))/(1/(-2)). Let s(y) be the first derivative of -7*y**5/120 - y**4/24 + y**3/3 - 4. Let l(v) be the third derivative of s(v). Determine l(b).
6
Let r(m) = -791 + 3*m + m + 785. Suppose 0 = -4*p + 2*n - 58, -n + 53 = 2*p - 6*p. Let t = -8 - p. What is r(t)?
10
Let r(x) be the third derivative of 0 - 1/24*x**4 + 4*x**2 - x**3 + 0*x. What is r(-6)?
0
Let z = -7 - -9. Let p(m) be the first derivative of -6 - m**2 - m**2 + 1 + z. What is p(-1)?
4
Let s(a) = -4*a - 3. Suppose 3*u + 12 = 7*u, 5*c + u = 8. Let n(z) = -z**3 + 6*z**2 + 2*z - 8. Let f be n(6). Let d be c - 4/(f/3). G